{"id":65,"date":"2024-01-06T22:39:57","date_gmt":"2024-01-06T22:39:57","guid":{"rendered":"https:\/\/dcamino.es\/?page_id=65"},"modified":"2024-01-10T18:42:56","modified_gmt":"2024-01-10T18:42:56","slug":"uber","status":"publish","type":"page","link":"https:\/\/dcamino.es\/index.php\/uber\/","title":{"rendered":"Mi vida es asi"},"content":{"rendered":"\n<div class=\"wp-block-uagb-container uagb-block-e009aae9 alignwide uagb-is-root-container\">\n<div class=\"wp-block-uagb-container uagb-block-b628321d\">\n<p>Mein ganzes Leben lang schon geht meine Phantasie mit mir durch. Bereits als Kind habe ich mir die unglaublichsten Dinge zurechtgesponnen, mich vielstimmig mit meinen Puppen unterhalten und mir ganze Welten ausgedacht. Heute stelle ich mir immer noch irgendwelche haarstr\u00e4ubenden Situationen vor und tauche dabei so tief in meine Spinnereien ein, dass ich je nach Fall entweder laut lache oder spontan losheule. Es hilft auch nicht gerade, dass mein Gesicht dabei meine Gedanken ausdr\u00fcckt: Wenn ich mit einem Kaffee auf irgendeiner Terrasse sitze und pl\u00f6tzlich merke, wie alle um mich herum auff\u00e4llig unauff\u00e4llig von mir abr\u00fccken, dann wei\u00df ich, dass ich wieder alle m\u00f6glichen Gesichter geschnitten habe.<\/p>\n\n\n\n<div class=\"wp-block-columns is-layout-flex wp-container-core-columns-is-layout-28f84493 wp-block-columns-is-layout-flex\">\n<div class=\"wp-block-column is-layout-flow wp-block-column-is-layout-flow\" style=\"flex-basis:20%\">\n<div class=\"wp-block-uagb-image aligncenter uagb-block-bbbe9ae4 wp-block-uagb-image--layout-default wp-block-uagb-image--effect-static wp-block-uagb-image--align-center\"><figure class=\"wp-block-uagb-image__figure\"><img decoding=\"async\" srcset=\"https:\/\/dcamino.es\/wp-content\/uploads\/2024\/01\/web2-190x300.jpg ,https:\/\/dcamino.es\/wp-content\/uploads\/2024\/01\/web2.jpg 780w, https:\/\/dcamino.es\/wp-content\/uploads\/2024\/01\/web2.jpg 360w\" sizes=\"auto, (max-width: 480px) 150px\" src=\"https:\/\/dcamino.es\/wp-content\/uploads\/2024\/01\/web2-190x300.jpg\" alt=\"\" class=\"uag-image-216\" width=\"190\" height=\"300\" title=\"\" loading=\"lazy\"\/><\/figure><\/div>\n<\/div>\n\n\n\n<div class=\"wp-block-column is-layout-flow wp-block-column-is-layout-flow\" style=\"flex-basis:80%\">\n<p>Mit einem Tom-und-Jerry-Comic habe ich Lesen gelernt. Mein allererstes Buch war ein Band von Enid Blyton. Seitdem liebe ich das Lesen. Allerdings war mein erster Deutschaufsatz eine Katastrophe, ich hatte keine Ahnung, was die Lehrerin eigentlich von mir wollte. Als ich mit der Note vier nach Hause kam, setzte sich meine Mom mit mir hin und erkl\u00e4rte mir, wie man etwas sch\u00f6ner und anders und wieder anders formulieren kann. Dann nahm mich mein Dad beiseite, zeigte mir einen Apfel und sagte: \u201eBeschreib mir diesen Apfel.\u201c \u201eNa, ein Apfel halt.\u201c, zuckte ich immer noch einigerma\u00dfen ratlos mit den Schultern. \u201eUnd was noch?\u201c \u201eEr ist gr\u00fcn.\u201c, lautete meine ersch\u00f6pfende Auskunft. \u201eGr\u00fcn, mit ein bisschen Gelb.\u201c, deutete mein Dad auf den Apfel. \u201eEr hat ein paar braune Sprenkel, einen St\u00e4ngel.\u201c Hm.<\/p>\n<\/div>\n<\/div>\n<\/div>\n<\/div>\n\n\n\n<div class=\"wp-block-columns is-layout-flex wp-container-core-columns-is-layout-28f84493 wp-block-columns-is-layout-flex\">\n<div class=\"wp-block-column is-layout-flow wp-block-column-is-layout-flow\" style=\"flex-basis:66.66%\">\n<p>Ich habe absolut keine Ahnung, wann und wo es genau Klick in meinem Kopf gemacht hat, ob an diesem Nachmittag oder erst beim n\u00e4chsten Aufsatz. Aber auf einmal war es, als h\u00e4tte jemand eine T\u00fcr ge\u00f6ffnet. Meine Phantasie galoppierte los und diese Art von Klassenarbeiten war ab sofort kein Problem mehr. Ich f\u00fcllte Seite um Seite und liebe seitdem auch das Schreiben. Na ja, das ging so lange gut, bis das Schreiben von Berichten auf dem Lehrplan stand und ich mich mit einem Mal kurzfassen musste. Aus dem gr\u00fcnen Apfel mit gelblichen Flecken, den ein rotes B\u00e4ckchen und ein neckischer kleiner St\u00e4ngel sowie mehrere winzige br\u00e4unliche Punkte zierten und der in all seiner Pracht und Reife unerwartet vom hohen wei\u00dfen Esstisch heruntergefallen und in Schlangenlinien \u00fcber den unebenen Boden gerollt war, dabei ein paar Teppichfransen gestreift hatte, um schlie\u00dflich vor der hellblauen Esszimmert\u00fcr aus Holz liegen zu bleiben, wurde pl\u00f6tzlich wieder ganz kurz und b\u00fcndig ein simpler Apfel, der heruntergefallen war. Das ging jetzt genauso wenig in meinen Kopf wie Mathe, Chemie und Physik.<\/p>\n<\/div>\n\n\n\n<div class=\"wp-block-column is-layout-flow wp-block-column-is-layout-flow\" style=\"flex-basis:33.33%\">\n<div style=\"height:30px\" aria-hidden=\"true\" class=\"wp-block-spacer\"><\/div>\n\n\n\n<div class=\"wp-block-uagb-image aligncenter uagb-block-32921926 wp-block-uagb-image--layout-default wp-block-uagb-image--effect-static wp-block-uagb-image--align-center\"><figure class=\"wp-block-uagb-image__figure\"><img decoding=\"async\" srcset=\"https:\/\/dcamino.es\/wp-content\/uploads\/2024\/01\/web1-281x300.jpg ,https:\/\/dcamino.es\/wp-content\/uploads\/2024\/01\/web1.jpg 780w, https:\/\/dcamino.es\/wp-content\/uploads\/2024\/01\/web1.jpg 360w\" sizes=\"auto, (max-width: 480px) 150px\" src=\"https:\/\/dcamino.es\/wp-content\/uploads\/2024\/01\/web1-281x300.jpg\" alt=\"\" class=\"uag-image-362\" width=\"281\" height=\"300\" title=\"\" loading=\"lazy\"\/><\/figure><\/div>\n<\/div>\n<\/div>\n\n\n\n<div style=\"height:30px\" aria-hidden=\"true\" class=\"wp-block-spacer\"><\/div>\n\n\n\n<p>Im Grunde hat sich daran bis heute nichts ge\u00e4ndert. Meine WhatsApp-Nachrichten und E-Mails sind endlos, und ohne Taschenrechner bin ich aufgeschmissen. Ich habe immer noch keine Ahnung, wie lange ein Lkw braucht, der um 08.50\u00a0Uhr mit 120\u00a0km\/h und 7,5\u00a0Tonnen Gewicht von Paderborn nach M\u00fcnchen f\u00e4hrt, und wie lange ein Transporter, der um 10.50\u00a0Uhr mit 80\u00a0km\/h und 3\u00a0Tonnen Gewicht von Berlin nach Hamburg f\u00e4hrt. Wer eher ankommt? Keinen Schimmer. Wie man das ausrechnet? Auch keinen Schimmer. Ich kann aber stolz verk\u00fcnden, dass ich sehr genau wei\u00df, dass Dreisatz etwas mit Mathe zu tun hat und nicht mit Grammatik.<\/p>\n\n\n\n<div style=\"height:30px\" aria-hidden=\"true\" class=\"wp-block-spacer\"><\/div>\n\n\n\n<div class=\"wp-block-columns is-layout-flex wp-container-core-columns-is-layout-28f84493 wp-block-columns-is-layout-flex\">\n<div class=\"wp-block-column is-layout-flow wp-block-column-is-layout-flow\">\n<div class=\"wp-block-uagb-image alignleft uagb-block-90596d0b wp-block-uagb-image--layout-default wp-block-uagb-image--effect-static wp-block-uagb-image--align-left\"><figure class=\"wp-block-uagb-image__figure\"><img decoding=\"async\" srcset=\"https:\/\/dcamino.es\/wp-content\/uploads\/2024\/01\/web3-1024x679.jpg ,https:\/\/dcamino.es\/wp-content\/uploads\/2024\/01\/web3.jpg 780w, https:\/\/dcamino.es\/wp-content\/uploads\/2024\/01\/web3.jpg 360w\" sizes=\"auto, (max-width: 480px) 150px\" src=\"https:\/\/dcamino.es\/wp-content\/uploads\/2024\/01\/web3-1024x679.jpg\" alt=\"\" class=\"uag-image-381\" width=\"1000\" height=\"550\" title=\"\" loading=\"lazy\"\/><\/figure><\/div>\n<\/div>\n\n\n\n<div class=\"wp-block-column is-layout-flow wp-block-column-is-layout-flow\">\n<p style=\"padding-top:var(--wp--preset--spacing--30)\">Die Antworten meiner Freunde auf meine umfassenden WhatsApp-Nachrichten lauten in der Regel \u201eOk\u201c oder \u201eAlles klar\u201c. Wahrscheinlich hatten sie richtig gute Noten, als sie in der Schule knappe Berichte schreiben sollten\u00a0\u2026 Ich dagegen k\u00f6nnte bei diesen Antworten jedes Mal die W\u00e4nde hoch- und runtergaloppieren, vor allem, wenn sie mich danach etwas fragen, was ich eigentlich schon in meiner ellenlangen ersten Nachricht erkl\u00e4rt hatte. Aber ich erkl\u00e4re nat\u00fcrlich gerne alles noch einmal\u00a0\u2013\u00a0und selbstverst\u00e4ndlich wieder in der gleichen L\u00e4nge. Daf\u00fcr sind Freunde schlie\u00dflich da.<\/p>\n<\/div>\n<\/div>\n\n\n\n<div style=\"height:30px\" aria-hidden=\"true\" class=\"wp-block-spacer\"><\/div>\n\n\n\n<p>Was gibt es noch \u00fcber mich zu sagen? Hm. Also, gro\u00dfartig Kochen kann ich immer noch nicht, aber zu meinem gro\u00dfen Gl\u00fcck habe ich wieder jemanden an meiner Seite, der ein phantastischer Koch ist. Mein Magen ist somit gerettet. Und Liebe geht ja bekanntlich durch den Magen\u00a0\u2026 Ich backe ihm daf\u00fcr auch ab und zu einen Kuchen\u00a0\u2013\u00a0zum Beispiel Esperanzas <em>bizcocho<\/em>. Die Eier habe ich bisher nie wieder vergessen.<\/p>\n\n\n\n<div style=\"height:30px\" aria-hidden=\"true\" class=\"wp-block-spacer\"><\/div>\n\n\n\n<p>Ich gehe weiterhin zur Gesangsstunde, und irgendwo in meinem Gehirn kr\u00e4ht immer noch ein Stimmchen: \u201eAu ja in einer Band singen!\u201c Ich habe aber noch keine gefunden, die mich aufnehmen will. Doch was nicht ist, kann ja noch werden\u00a0\u2026<\/p>\n\n\n\n<div style=\"height:30px\" aria-hidden=\"true\" class=\"wp-block-spacer\"><\/div>\n\n\n\n<div class=\"wp-block-uagb-image alignleft uagb-block-c2e39bbe wp-block-uagb-image--layout-default wp-block-uagb-image--effect-static wp-block-uagb-image--align-left\"><figure class=\"wp-block-uagb-image__figure\"><img decoding=\"async\" srcset=\"https:\/\/dcamino.es\/wp-content\/uploads\/2024\/01\/Eiby-und-Band-in-Varadero-Beach-Bar-300x169.jpg ,https:\/\/dcamino.es\/wp-content\/uploads\/2024\/01\/Eiby-und-Band-in-Varadero-Beach-Bar-scaled.jpg 780w, https:\/\/dcamino.es\/wp-content\/uploads\/2024\/01\/Eiby-und-Band-in-Varadero-Beach-Bar-scaled.jpg 360w\" sizes=\"auto, (max-width: 480px) 150px\" src=\"https:\/\/dcamino.es\/wp-content\/uploads\/2024\/01\/Eiby-und-Band-in-Varadero-Beach-Bar-300x169.jpg\" alt=\"\" class=\"uag-image-376\" width=\"500\" height=\"169\" title=\"\" loading=\"lazy\"\/><\/figure><\/div>\n\n\n\n<div class=\"wp-block-columns is-layout-flex wp-container-core-columns-is-layout-28f84493 wp-block-columns-is-layout-flex\">\n<div class=\"wp-block-column is-layout-flow wp-block-column-is-layout-flow\">\n<div class=\"wp-block-uagb-image alignleft uagb-block-a3d7c97d wp-block-uagb-image--layout-default wp-block-uagb-image--effect-static wp-block-uagb-image--align-left\"><figure class=\"wp-block-uagb-image__figure\"><img decoding=\"async\" srcset=\"https:\/\/dcamino.es\/wp-content\/uploads\/2024\/01\/Duo-Mare-Paulina-und-Jose-300x200.jpg ,https:\/\/dcamino.es\/wp-content\/uploads\/2024\/01\/Duo-Mare-Paulina-und-Jose.jpg 780w, https:\/\/dcamino.es\/wp-content\/uploads\/2024\/01\/Duo-Mare-Paulina-und-Jose.jpg 360w\" sizes=\"auto, (max-width: 480px) 150px\" src=\"https:\/\/dcamino.es\/wp-content\/uploads\/2024\/01\/Duo-Mare-Paulina-und-Jose-300x200.jpg\" alt=\"\" class=\"uag-image-392\" width=\"450\" height=\"200\" title=\"\" loading=\"lazy\"\/><\/figure><\/div>\n<\/div>\n<\/div>\n\n\n\n<div style=\"height:30px\" aria-hidden=\"true\" class=\"wp-block-spacer\"><\/div>\n\n\n\n<div class=\"wp-block-columns is-layout-flex wp-container-core-columns-is-layout-28f84493 wp-block-columns-is-layout-flex\">\n<div class=\"wp-block-column is-layout-flow wp-block-column-is-layout-flow\" style=\"flex-basis:80%\">\n<p>Interessanterweise habe ich mir Fionas P\u00fcnktlichkeit angew\u00f6hnt. Neulich rief sie an und fragte: &#8220;Wo steckst du?&#8221; Meine Antwort lautete nat\u00fcrlich: &#8220;<em>Estoy de camino<\/em>&#8220;. Als ich schlie\u00dflich ankam, sagte sie nur fassungslos den Kopf sch\u00fcttelnd: &#8220;Du hast dich wirklich angepasst, hu? Musstest du unbedingt <em>diese <\/em>Angewohnheit \u00fcbernehmen?&#8221; Tja.<\/p>\n\n\n\n<div style=\"height:30px\" aria-hidden=\"true\" class=\"wp-block-spacer\"><\/div>\n\n\n\n<p> Wenn wir nicht mit den <em>Petardos<\/em> irgendwohin zum Tanzen ausgegangen sind und ich auch nicht mit Fiona im Kreis auf irgendwelchen mir mehr oder weniger bekannt-unbekannten Autobahnen unterwegs bin, dann hocke ich meist am PC, um weiter \u00fcber uns zu schreiben, oder ich sitze in irgendeiner Ecke mit einem XL-Kaffee, w\u00e4hrend sich mein Kopf im Lala-Land befindet. Solltet Ihr mich also in Chiclana an einem meiner Lieblingsorte sehen, w\u00e4hrend ich still vor mich hin Grimassen schneide\u00a0\u2013\u00a0keine Sorge, ich sehe zwar vollkommen durchgeknallt aus, bin es aber noch nicht ganz. Oder?<\/p>\n<\/div>\n\n\n\n<div class=\"wp-block-column is-layout-flow wp-block-column-is-layout-flow\" style=\"flex-basis:20%\">\n<div style=\"height:20px\" aria-hidden=\"true\" class=\"wp-block-spacer\"><\/div>\n\n\n\n<div class=\"wp-block-uagb-image aligncenter uagb-block-744ecd44 wp-block-uagb-image--layout-default wp-block-uagb-image--effect-static wp-block-uagb-image--align-center\"><figure class=\"wp-block-uagb-image__figure\"><img decoding=\"async\" srcset=\"https:\/\/dcamino.es\/wp-content\/uploads\/2024\/01\/FA__4577-207x300.jpg ,https:\/\/dcamino.es\/wp-content\/uploads\/2024\/01\/FA__4577.jpg 780w, https:\/\/dcamino.es\/wp-content\/uploads\/2024\/01\/FA__4577.jpg 360w\" sizes=\"auto, (max-width: 480px) 150px\" src=\"https:\/\/dcamino.es\/wp-content\/uploads\/2024\/01\/FA__4577-207x300.jpg\" alt=\"\" class=\"uag-image-385\" width=\"207\" height=\"250\" title=\"\" loading=\"lazy\"\/><\/figure><\/div>\n<\/div>\n<\/div>\n","protected":false},"excerpt":{"rendered":"<p>Mein ganzes Leben lang schon geht meine Phantasie mit mir durch. Bereits als Kind habe ich mir die unglaublichsten Dinge zurechtgesponnen, mich vielstimmig mit meinen Puppen unterhalten und mir ganze Welten ausgedacht. Heute stelle ich mir immer noch irgendwelche haarstr\u00e4ubenden Situationen vor und tauche dabei so tief in meine Spinnereien ein, dass ich je nach [&hellip;]<\/p>\n","protected":false},"author":1,"featured_media":190,"parent":0,"menu_order":0,"comment_status":"closed","ping_status":"closed","template":"","meta":{"_uag_custom_page_level_css":"","footnotes":""},"class_list":["post-65","page","type-page","status-publish","has-post-thumbnail","hentry"],"yoast_head":"<!-- This site is optimized with the Yoast SEO plugin v27.4 - https:\/\/yoast.com\/product\/yoast-seo-wordpress\/ -->\n<title>Mi vida es asi - Delia Camino<\/title>\n<meta name=\"robots\" content=\"index, follow, max-snippet:-1, max-image-preview:large, max-video-preview:-1\" \/>\n<link rel=\"canonical\" href=\"https:\/\/dcamino.es\/index.php\/uber\/\" \/>\n<meta property=\"og:locale\" content=\"en_US\" \/>\n<meta property=\"og:type\" content=\"article\" \/>\n<meta property=\"og:title\" content=\"Mi vida es asi - Delia Camino\" \/>\n<meta property=\"og:description\" content=\"Mein ganzes Leben lang schon geht meine Phantasie mit mir durch. Bereits als Kind habe ich mir die unglaublichsten Dinge zurechtgesponnen, mich vielstimmig mit meinen Puppen unterhalten und mir ganze Welten ausgedacht. Heute stelle ich mir immer noch irgendwelche haarstr\u00e4ubenden Situationen vor und tauche dabei so tief in meine Spinnereien ein, dass ich je nach [&hellip;]\" \/>\n<meta property=\"og:url\" content=\"https:\/\/dcamino.es\/index.php\/uber\/\" \/>\n<meta property=\"og:site_name\" content=\"Delia Camino\" \/>\n<meta property=\"article:modified_time\" content=\"2024-01-10T18:42:56+00:00\" \/>\n<meta property=\"og:image\" content=\"https:\/\/dcamino.es\/wp-content\/uploads\/2024\/01\/FA__4578.jpg\" \/>\n\t<meta property=\"og:image:width\" content=\"1000\" \/>\n\t<meta property=\"og:image:height\" content=\"487\" \/>\n\t<meta property=\"og:image:type\" content=\"image\/jpeg\" \/>\n<meta name=\"twitter:card\" content=\"summary_large_image\" \/>\n<meta name=\"twitter:label1\" content=\"Est. reading time\" \/>\n\t<meta name=\"twitter:data1\" content=\"4 minutes\" \/>\n<script type=\"application\/ld+json\" class=\"yoast-schema-graph\">{\"@context\":\"https:\\\/\\\/schema.org\",\"@graph\":[{\"@type\":\"WebPage\",\"@id\":\"https:\\\/\\\/dcamino.es\\\/index.php\\\/uber\\\/\",\"url\":\"https:\\\/\\\/dcamino.es\\\/index.php\\\/uber\\\/\",\"name\":\"Mi vida es asi - Delia Camino\",\"isPartOf\":{\"@id\":\"https:\\\/\\\/dcamino.es\\\/#website\"},\"primaryImageOfPage\":{\"@id\":\"https:\\\/\\\/dcamino.es\\\/index.php\\\/uber\\\/#primaryimage\"},\"image\":{\"@id\":\"https:\\\/\\\/dcamino.es\\\/index.php\\\/uber\\\/#primaryimage\"},\"thumbnailUrl\":\"https:\\\/\\\/dcamino.es\\\/wp-content\\\/uploads\\\/2024\\\/01\\\/FA__4578.jpg\",\"datePublished\":\"2024-01-06T22:39:57+00:00\",\"dateModified\":\"2024-01-10T18:42:56+00:00\",\"breadcrumb\":{\"@id\":\"https:\\\/\\\/dcamino.es\\\/index.php\\\/uber\\\/#breadcrumb\"},\"inLanguage\":\"en-US\",\"potentialAction\":[{\"@type\":\"ReadAction\",\"target\":[\"https:\\\/\\\/dcamino.es\\\/index.php\\\/uber\\\/\"]}]},{\"@type\":\"ImageObject\",\"inLanguage\":\"en-US\",\"@id\":\"https:\\\/\\\/dcamino.es\\\/index.php\\\/uber\\\/#primaryimage\",\"url\":\"https:\\\/\\\/dcamino.es\\\/wp-content\\\/uploads\\\/2024\\\/01\\\/FA__4578.jpg\",\"contentUrl\":\"https:\\\/\\\/dcamino.es\\\/wp-content\\\/uploads\\\/2024\\\/01\\\/FA__4578.jpg\",\"width\":1000,\"height\":487},{\"@type\":\"BreadcrumbList\",\"@id\":\"https:\\\/\\\/dcamino.es\\\/index.php\\\/uber\\\/#breadcrumb\",\"itemListElement\":[{\"@type\":\"ListItem\",\"position\":1,\"name\":\"Home\",\"item\":\"https:\\\/\\\/dcamino.es\\\/\"},{\"@type\":\"ListItem\",\"position\":2,\"name\":\"Mi vida es asi\"}]},{\"@type\":\"WebSite\",\"@id\":\"https:\\\/\\\/dcamino.es\\\/#website\",\"url\":\"https:\\\/\\\/dcamino.es\\\/\",\"name\":\"Delia Camino\",\"description\":\"\",\"publisher\":{\"@id\":\"https:\\\/\\\/dcamino.es\\\/#\\\/schema\\\/person\\\/0e5eb706284eea3e461f99c21d6c2a44\"},\"alternateName\":\"dcamino\",\"potentialAction\":[{\"@type\":\"SearchAction\",\"target\":{\"@type\":\"EntryPoint\",\"urlTemplate\":\"https:\\\/\\\/dcamino.es\\\/?s={search_term_string}\"},\"query-input\":{\"@type\":\"PropertyValueSpecification\",\"valueRequired\":true,\"valueName\":\"search_term_string\"}}],\"inLanguage\":\"en-US\"},{\"@type\":[\"Person\",\"Organization\"],\"@id\":\"https:\\\/\\\/dcamino.es\\\/#\\\/schema\\\/person\\\/0e5eb706284eea3e461f99c21d6c2a44\",\"name\":\"DCamino\",\"image\":{\"@type\":\"ImageObject\",\"inLanguage\":\"en-US\",\"@id\":\"https:\\\/\\\/dcamino.es\\\/wp-content\\\/uploads\\\/2024\\\/01\\\/FA__4578.jpg\",\"url\":\"https:\\\/\\\/dcamino.es\\\/wp-content\\\/uploads\\\/2024\\\/01\\\/FA__4578.jpg\",\"contentUrl\":\"https:\\\/\\\/dcamino.es\\\/wp-content\\\/uploads\\\/2024\\\/01\\\/FA__4578.jpg\",\"width\":1000,\"height\":487,\"caption\":\"DCamino\"},\"logo\":{\"@id\":\"https:\\\/\\\/dcamino.es\\\/wp-content\\\/uploads\\\/2024\\\/01\\\/FA__4578.jpg\"},\"sameAs\":[\"https:\\\/\\\/dcamino.es\"]}]}<\/script>\n<!-- \/ Yoast SEO plugin. -->","yoast_head_json":{"title":"Mi vida es asi - Delia Camino","robots":{"index":"index","follow":"follow","max-snippet":"max-snippet:-1","max-image-preview":"max-image-preview:large","max-video-preview":"max-video-preview:-1"},"canonical":"https:\/\/dcamino.es\/index.php\/uber\/","og_locale":"en_US","og_type":"article","og_title":"Mi vida es asi - Delia Camino","og_description":"Mein ganzes Leben lang schon geht meine Phantasie mit mir durch. Bereits als Kind habe ich mir die unglaublichsten Dinge zurechtgesponnen, mich vielstimmig mit meinen Puppen unterhalten und mir ganze Welten ausgedacht. Heute stelle ich mir immer noch irgendwelche haarstr\u00e4ubenden Situationen vor und tauche dabei so tief in meine Spinnereien ein, dass ich je nach [&hellip;]","og_url":"https:\/\/dcamino.es\/index.php\/uber\/","og_site_name":"Delia Camino","article_modified_time":"2024-01-10T18:42:56+00:00","og_image":[{"width":1000,"height":487,"url":"https:\/\/dcamino.es\/wp-content\/uploads\/2024\/01\/FA__4578.jpg","type":"image\/jpeg"}],"twitter_card":"summary_large_image","twitter_misc":{"Est. reading time":"4 minutes"},"schema":{"@context":"https:\/\/schema.org","@graph":[{"@type":"WebPage","@id":"https:\/\/dcamino.es\/index.php\/uber\/","url":"https:\/\/dcamino.es\/index.php\/uber\/","name":"Mi vida es asi - Delia Camino","isPartOf":{"@id":"https:\/\/dcamino.es\/#website"},"primaryImageOfPage":{"@id":"https:\/\/dcamino.es\/index.php\/uber\/#primaryimage"},"image":{"@id":"https:\/\/dcamino.es\/index.php\/uber\/#primaryimage"},"thumbnailUrl":"https:\/\/dcamino.es\/wp-content\/uploads\/2024\/01\/FA__4578.jpg","datePublished":"2024-01-06T22:39:57+00:00","dateModified":"2024-01-10T18:42:56+00:00","breadcrumb":{"@id":"https:\/\/dcamino.es\/index.php\/uber\/#breadcrumb"},"inLanguage":"en-US","potentialAction":[{"@type":"ReadAction","target":["https:\/\/dcamino.es\/index.php\/uber\/"]}]},{"@type":"ImageObject","inLanguage":"en-US","@id":"https:\/\/dcamino.es\/index.php\/uber\/#primaryimage","url":"https:\/\/dcamino.es\/wp-content\/uploads\/2024\/01\/FA__4578.jpg","contentUrl":"https:\/\/dcamino.es\/wp-content\/uploads\/2024\/01\/FA__4578.jpg","width":1000,"height":487},{"@type":"BreadcrumbList","@id":"https:\/\/dcamino.es\/index.php\/uber\/#breadcrumb","itemListElement":[{"@type":"ListItem","position":1,"name":"Home","item":"https:\/\/dcamino.es\/"},{"@type":"ListItem","position":2,"name":"Mi vida es asi"}]},{"@type":"WebSite","@id":"https:\/\/dcamino.es\/#website","url":"https:\/\/dcamino.es\/","name":"Delia Camino","description":"","publisher":{"@id":"https:\/\/dcamino.es\/#\/schema\/person\/0e5eb706284eea3e461f99c21d6c2a44"},"alternateName":"dcamino","potentialAction":[{"@type":"SearchAction","target":{"@type":"EntryPoint","urlTemplate":"https:\/\/dcamino.es\/?s={search_term_string}"},"query-input":{"@type":"PropertyValueSpecification","valueRequired":true,"valueName":"search_term_string"}}],"inLanguage":"en-US"},{"@type":["Person","Organization"],"@id":"https:\/\/dcamino.es\/#\/schema\/person\/0e5eb706284eea3e461f99c21d6c2a44","name":"DCamino","image":{"@type":"ImageObject","inLanguage":"en-US","@id":"https:\/\/dcamino.es\/wp-content\/uploads\/2024\/01\/FA__4578.jpg","url":"https:\/\/dcamino.es\/wp-content\/uploads\/2024\/01\/FA__4578.jpg","contentUrl":"https:\/\/dcamino.es\/wp-content\/uploads\/2024\/01\/FA__4578.jpg","width":1000,"height":487,"caption":"DCamino"},"logo":{"@id":"https:\/\/dcamino.es\/wp-content\/uploads\/2024\/01\/FA__4578.jpg"},"sameAs":["https:\/\/dcamino.es"]}]}},"uagb_featured_image_src":{"full":["https:\/\/dcamino.es\/wp-content\/uploads\/2024\/01\/FA__4578.jpg",1000,487,false],"thumbnail":["https:\/\/dcamino.es\/wp-content\/uploads\/2024\/01\/FA__4578-150x150.jpg",150,150,true],"medium":["https:\/\/dcamino.es\/wp-content\/uploads\/2024\/01\/FA__4578-300x146.jpg",300,146,true],"medium_large":["https:\/\/dcamino.es\/wp-content\/uploads\/2024\/01\/FA__4578-768x374.jpg",768,374,true],"large":["https:\/\/dcamino.es\/wp-content\/uploads\/2024\/01\/FA__4578.jpg",1000,487,false],"1536x1536":["https:\/\/dcamino.es\/wp-content\/uploads\/2024\/01\/FA__4578.jpg",1000,487,false],"2048x2048":["https:\/\/dcamino.es\/wp-content\/uploads\/2024\/01\/FA__4578.jpg",1000,487,false]},"uagb_author_info":{"display_name":"DCamino","author_link":"https:\/\/dcamino.es\/index.php\/author\/fekete-attila\/"},"uagb_comment_info":0,"uagb_excerpt":"Mein ganzes Leben lang schon geht meine Phantasie mit mir durch. Bereits als Kind habe ich mir die unglaublichsten Dinge zurechtgesponnen, mich vielstimmig mit meinen Puppen unterhalten und mir ganze Welten ausgedacht. Heute stelle ich mir immer noch irgendwelche haarstr\u00e4ubenden Situationen vor und tauche dabei so tief in meine Spinnereien ein, dass ich je nach&hellip;","post_mailing_queue_ids":[],"_links":{"self":[{"href":"https:\/\/dcamino.es\/index.php\/wp-json\/wp\/v2\/pages\/65","targetHints":{"allow":["GET"]}}],"collection":[{"href":"https:\/\/dcamino.es\/index.php\/wp-json\/wp\/v2\/pages"}],"about":[{"href":"https:\/\/dcamino.es\/index.php\/wp-json\/wp\/v2\/types\/page"}],"author":[{"embeddable":true,"href":"https:\/\/dcamino.es\/index.php\/wp-json\/wp\/v2\/users\/1"}],"replies":[{"embeddable":true,"href":"https:\/\/dcamino.es\/index.php\/wp-json\/wp\/v2\/comments?post=65"}],"version-history":[{"count":99,"href":"https:\/\/dcamino.es\/index.php\/wp-json\/wp\/v2\/pages\/65\/revisions"}],"predecessor-version":[{"id":404,"href":"https:\/\/dcamino.es\/index.php\/wp-json\/wp\/v2\/pages\/65\/revisions\/404"}],"wp:featuredmedia":[{"embeddable":true,"href":"https:\/\/dcamino.es\/index.php\/wp-json\/wp\/v2\/media\/190"}],"wp:attachment":[{"href":"https:\/\/dcamino.es\/index.php\/wp-json\/wp\/v2\/media?parent=65"}],"curies":[{"name":"wp","href":"https:\/\/api.w.org\/{rel}","templated":true}]}}